5/5. What is the units digit of (176/20)/(m/5)?
4
Suppose -2*c + 33 = -3*x, 0*x - 85 = -5*c + 5*x. Let v(q) = q**2 + 3*q. Let u be v(0). Suppose u = -y + c - 3. What is the units digit of y?
5
Let x = 52 - 34. What is the units digit of x?
8
Let p(r) = r**3 - 6*r**2 - 8*r - 7. Let h be p(7). What is the tens digit of -10*(h/4 + 2)?
1
Let f be (3/6)/((-1)/(-16)). Let l be 9/4*f/3. What is the units digit of (-28)/l*(-6)/4?
7
Suppose 3*u - 70 = -2*u. What is the units digit of u?
4
What is the tens digit of 3/(-2 - 92/(-40))?
1
Suppose 0 = -3*a - 9, 2*a - 21 = 4*t + 29. Let d = 26 + t. What is the units digit of d?
2
Suppose 0 = 2*u - 4*j - 122, 3*u - 158 = 4*j - 3*j. What is the units digit of u?
1
Let w be -4 + 1 + (-3)/3. Let j = w + 4. Let m = j + 4. What is the units digit of m?
4
Suppose 0 = -3*j + 5*j + 2. Let g = j + 4. Suppose o + g*o - 28 = 0. What is the units digit of o?
7
Let g = -8 - -15. What is the units digit of g?
7
Let n(f) = -10*f**3 - 3*f**2 - 5*f - 6. What is the tens digit of n(-2)?
7
Suppose 4*o - 56 = -4*g, -o + 2*g + 29 = 6*g. Suppose 0 = 2*r + r - o, 2*r = -3*w - 3. What is the tens digit of ((-20)/12)/(w/27)?
1
Suppose 2*p - 74 = -5*a - 10, -3*p + 5*a + 146 = 0. Suppose -2*c + p = 8. What is the units digit of c?
7
Let y = 1 - -26. What is the units digit of y?
7
Suppose -q = -4*q - 45. Let v = q + 9. Let c = v - -11. What is the units digit of c?
5
What is the tens digit of (2 - -3*11)/1?
3
Let o(f) = f**2 + 7*f + 5. What is the units digit of o(-7)?
5
Suppose 3*m - 14 = 4. Suppose -3*p - 9 = -m*p. Suppose -j + 5*b = p*b - 7, 5*j + 4*b = 91. What is the tens digit of j?
1
Suppose 2*i + 2*c = -3*i + 4, 3*i - 18 = 4*c. Let o be 1/(1/i)*2. What is the units digit of 6/o - (-2)/(-4)?
1
Let v(g) = -6*g**2 + 3*g - 3. Let j be v(3). Let f = j + 81. What is the units digit of (f/(-6))/((-1)/2)?
1
Let b(w) = 4*w - 3. Let i be b(2). Suppose -3*s + o + 5 = 0, s - i*o = 18 - 7. What is the units digit of s?
1
Suppose a = 12 + 265. What is the units digit of a?
7
Suppose -7 - 8 = -3*p. Suppose -p*r + 79 = -131. What is the units digit of r?
2
Suppose -114 = -2*r - r. What is the units digit of r?
8
Let t(n) = -15*n - 7. Let k(h) = 22*h + 11. Let j(c) = -5*k(c) - 7*t(c). Let f be (0 + -2 - -1)*5. What is the tens digit of j(f)?
1
Suppose -6*n - 41 = -a - 4*n, 0 = -5*a - 2*n + 145. What is the tens digit of a?
3
Let s(u) = 35*u - 1. What is the units digit of s(1)?
4
Let o = -4 - -4. Let q = -3 + 5. Suppose -4*x + 14 = -2*g, o*x = -q*x - 4*g - 8. What is the units digit of x?
2
Let j = 1 + -3. Let t be (-69)/(-15) - j/5. Suppose 0 = u - t*x + 2, 17 = 4*u + 5*x. What is the units digit of u?
3
Suppose -7*l + 100 = -2*l. What is the tens digit of l?
2
Suppose 5*o - o - 16 = 0. What is the units digit of 4 - (o + (-6)/2)?
3
Let k(v) = 3*v + 4. Let g be k(3). Let f = 22 - g. What is the units digit of f?
9
Suppose 11*s - 7*s - 16 = 0. Suppose -3*w + t - 3*t = -41, -2*w + s*t = -54. What is the units digit of w?
7
Let w be 1 - -2 - 0/1. Suppose 5*g - 113 = 4*u, 4*u - 46 - 41 = -w*g. What is the units digit of g?
5
Let d(o) = -o**3 + 2*o**2 + 3*o. Let m be d(3). Suppose j = 3, m = 5*a + 2*j + 3 - 44. What is the units digit of a?
7
Suppose c + 3*q = -4*c + 510, 3*c = -5*q + 290. What is the units digit of c?
5
Let x be (-10)/(-2) + -1 + 0. What is the units digit of ((-3)/2)/((-3)/x)?
2
Suppose -j - 7 = -173. What is the hundreds digit of j?
1
Let i(u) be the second derivative of u**3/6 + u**2 + u. Let s be i(6). Suppose -s + 3 = -j. What is the units digit of j?
5
Let h be (-2)/(-4)*(19 - 3). Let q = h - 4. What is the units digit of q?
4
Let v be 0/(-4 - -1) - -3. What is the units digit of 3*(v - -2) + 1?
6
Let q = 4 + 0. Let w = q + -6. What is the units digit of 16/5 - w/(-10)?
3
Suppose -35 = -2*j + 69. What is the tens digit of j?
5
Suppose -i = -98 + 1. What is the units digit of i?
7
Let c(d) = d**3 - 18*d**2 + 4*d - 35. What is the tens digit of c(18)?
3
Let f = -33 - -32. Let c(b) = 2*b + 6. Let p be c(-4). What is the units digit of f + (2 + 2 - p)?
5
Let u = 119 - 1. What is the hundreds digit of u?
1
Let i = 60 + -14. Let s = -27 + i. What is the units digit of s?
9
Let i be (-3 + 1)*40/16. Let j be (1 - i) + 0 + -1. Suppose j*t = 2*q - 18, 3*q - 25 = t + 28. What is the units digit of q?
9
Let a(p) = 1 - 13 - 3*p + 1 + 0*p. What is the units digit of a(-11)?
2
What is the tens digit of (5/15)/((-1)/(-69))?
2
Suppose -5*v = x + 14, -26 = 2*x - 5*x + 2*v. Suppose 0*n = -3*n + x. What is the units digit of n?
2
Suppose -4 = -c, -4*c = -5*u - 1 + 15. Suppose -2*h + u*h = 64. Suppose 5*t - h = 4*r, 3*r - 13 = -3*t + 2. What is the units digit of t?
4
Let o = 37 - 6. What is the units digit of o?
1
Let u = -2 - -1. Let r be 2/(-4)*2 + 1. What is the units digit of r + 3 + u + 2?
4
Let s(j) = j**2 - 1. Let m be s(-1). Suppose -2*o + m*o = -38. What is the tens digit of o?
1
Suppose 2*t + 3*b - 8*b + 4 = 0, 0 = -5*t + 3*b + 9. Suppose -t*h = h - 44. Suppose 3*r - h = -5. What is the units digit of r?
2
Let n = -75 - -295. What is the units digit of n?
0
Suppose 2*g - 47 = -5*y, -5*g + 29 = 4*y - 12. What is the units digit of y + 0 + 0 - 2?
7
Suppose -5*g = 5*a - 95, -3*a - 85 = -4*g + 2*a. Suppose -p - g = 4*p. What is the units digit of ((-2)/(-3))/(p/(-42))?
7
Suppose t = -4*t + 695. What is the tens digit of t?
3
Let r = -16 + 25. Let o = 11 - r. What is the units digit of o?
2
Suppose 0 = 13*o - 16*o + 420. What is the units digit of o?
0
Suppose 4*t - 218 = 2*t. Suppose -96 = -3*a - 2*c, -5*c + 269 = 5*a + t. What is the tens digit of a?
3
Let c = -90 - -199. What is the units digit of c?
9
Let w = -2 - -31. What is the units digit of w?
9
Suppose -k - 5*p = 3*k - 74, -4*k + 58 = -3*p. What is the units digit of k?
6
Suppose 5*x = -10 + 30. Suppose -15 = x*a - 7*a. What is the units digit of a?
5
Suppose -2*n = -x + 35, x - 5*n = -x + 71. Suppose -40 = -5*b - 5*q, 0 = b - q - 3*q - x. Suppose 0 = -4*g + 23 + b. What is the units digit of g?
9
Suppose 2*v + 207 = 5*t + 79, 0 = -3*t + 3*v + 84. Suppose -t = n - 4*n. What is the units digit of n?
8
Let p be 3 + 0 - (1 + 0). Suppose p*a = 3*u + 3 - 74, -67 = -3*u + a. What is the units digit of u?
1
Let d = -2 + 4. Let i = d + 1. Suppose -37 = -i*w - 13. What is the units digit of w?
8
Let h be ((-10)/3)/((-6)/9). Suppose 0 = -h*u + 16 + 4. What is the units digit of u?
4
Let j = -19 - -22. Suppose 0 = -i - j, 4*w + 0*i - 6 = -2*i. What is the units digit of w?
3
Let c(d) = -d - 2. Let o be c(-6). Let y(k) = k**2 - 3*k + 1. Let z be y(4). Suppose -11 = -o*x + z. What is the units digit of x?
4
What is the tens digit of (-6 + 0)*387/(-18)?
2
Let a(x) = 4*x**2 + x. Let b(n) = 2*n - 4. Let l be b(3). What is the tens digit of a(l)?
1
Let g = -20 - -18. What is the units digit of 1 + -4 + 7 + g?
2
Suppose -4*c = c - 460. What is the units digit of (-2)/(-4)*(c + -8)?
2
Let m(k) = -k**3 + k - 2. Let v be m(3). Let j be (-2)/10 + v/(-5). Suppose 0 = -t - 0*t + j. What is the units digit of t?
5
Let l(d) = 2*d + 1. Let g be l(3). Let m = -3 + g. What is the units digit of (2/m)/((-1)/(-2))?
1
Let a = -2 + 15. Suppose 5*o + 32 = s, 18 = s - 4*o - a. Let r = -12 + s. What is the units digit of r?
5
Let s(o) = o**3 + 15*o**2 + 11*o + 16. What is the tens digit of s(-14)?
5
Let d = -88 + 131. Let n = d + -14. What is the tens digit of n?
2
Suppose -104 = -r - 4*g, 4*r + r + 2*g - 538 = 0. Suppose r = 6*c - 2*c. What is the units digit of c?
7
Let a(q) = 226*q**2 - 7*q + 7. What is the units digit of a(1)?
6
Let c(f) = -f**3 - 4*f**2 - f + 5. What is the units digit of c(-4)?
9
What is the units digit of 94/10 + 4/(-10)?
9
Let o = -11 - -15. Suppose o = 5*l - 1. What is the units digit of l?
1
Let v = -64 + 123. Suppose v = 3*f + 11. What is the units digit of f?
6
Let v = 9 + -4. Suppose 0*s = -v*s + 15. What is the units digit of s?
3
Let h(f) = 9*f**2. Let g be h(-1). Let u(j) = 0*j**2 - j**3 + 3*j**2 + 2*j + g - 10. What is the units digit of u(3)?
5
Suppose 0 = l + l + 24. What is the tens digit of (-2)/8 - 195/l?
1
Let n be 0/(12/4 + -1). Suppose 4*g - 52 - 24 = n. What is the tens digit of g?
1
Let x = 0 - -2. Let l(s) = -4*s + 4 + s**2 - 3*s**2 + 3*s**x. What is the units digit